{"id":11994,"date":"2024-11-11T14:46:53","date_gmt":"2024-11-11T17:46:53","guid":{"rendered":"http:\/\/rsl.dnsalias.com\/rentas_sanluis\/?page_id=11994"},"modified":"2025-02-27T11:45:58","modified_gmt":"2025-02-27T14:45:58","slug":"impuesto-inmobiliario","status":"publish","type":"page","link":"https:\/\/dpip.sanluis.gov.ar\/rentas_sanluis\/?page_id=11994","title":{"rendered":"Impuesto Inmobiliario"},"content":{"rendered":"\t\t<div data-elementor-type=\"wp-page\" data-elementor-id=\"11994\" class=\"elementor elementor-11994\" data-elementor-post-type=\"page\">\n\t\t\t\t<div class=\"elementor-element elementor-element-6be0d8d elementor-hidden-tablet elementor-hidden-mobile e-flex e-con-boxed e-con e-parent\" data-id=\"6be0d8d\" data-element_type=\"container\" data-e-type=\"container\">\n\t\t\t\t\t<div class=\"e-con-inner\">\n\t\t\t\t<div class=\"elementor-element elementor-element-ac4711d elementor-widget elementor-widget-spacer\" data-id=\"ac4711d\" data-element_type=\"widget\" data-e-type=\"widget\" data-widget_type=\"spacer.default\">\n\t\t\t\t<div class=\"elementor-widget-container\">\n\t\t\t\t\t\t\t<div class=\"elementor-spacer\">\n\t\t\t<div class=\"elementor-spacer-inner\"><\/div>\n\t\t<\/div>\n\t\t\t\t\t\t<\/div>\n\t\t\t\t<\/div>\n\t\t\t\t\t<\/div>\n\t\t\t\t<\/div>\n\t\t<div class=\"elementor-element elementor-element-89f5322 e-flex e-con-boxed e-con e-parent\" data-id=\"89f5322\" data-element_type=\"container\" data-e-type=\"container\">\n\t\t\t\t\t<div class=\"e-con-inner\">\n\t\t<div class=\"elementor-element elementor-element-89027f1 e-con-full e-flex e-con e-child\" data-id=\"89027f1\" data-element_type=\"container\" data-e-type=\"container\">\n\t\t\t\t<div class=\"elementor-element elementor-element-f5c6981 elementor-widget elementor-widget-image\" data-id=\"f5c6981\" data-element_type=\"widget\" data-e-type=\"widget\" data-widget_type=\"image.default\">\n\t\t\t\t<div class=\"elementor-widget-container\">\n\t\t\t\t\t\t\t\t\t\t\t\t\t\t\t<img decoding=\"async\" width=\"728\" height=\"55\" src=\"https:\/\/dpip.sanluis.gov.ar\/rentas_sanluis\/wp-content\/uploads\/2025\/02\/IMPUESTO-INMOBILIARIO-48.png\" class=\"attachment-large size-large wp-image-16846\" alt=\"\" srcset=\"https:\/\/dpip.sanluis.gov.ar\/rentas_sanluis\/wp-content\/uploads\/2025\/02\/IMPUESTO-INMOBILIARIO-48.png 728w, https:\/\/dpip.sanluis.gov.ar\/rentas_sanluis\/wp-content\/uploads\/2025\/02\/IMPUESTO-INMOBILIARIO-48-300x23.png 300w\" sizes=\"(max-width: 728px) 100vw, 728px\" \/>\t\t\t\t\t\t\t\t\t\t\t\t\t\t\t<\/div>\n\t\t\t\t<\/div>\n\t\t\t\t<\/div>\n\t\t\t\t\t<\/div>\n\t\t\t\t<\/div>\n\t\t<div class=\"elementor-element elementor-element-40656eef e-flex e-con-boxed e-con e-parent\" data-id=\"40656eef\" data-element_type=\"container\" data-e-type=\"container\" data-settings=\"{&quot;background_background&quot;:&quot;classic&quot;}\">\n\t\t\t\t\t<div class=\"e-con-inner\">\n\t\t<div class=\"elementor-element elementor-element-59024f3f e-flex e-con-boxed e-con e-child\" data-id=\"59024f3f\" data-element_type=\"container\" data-e-type=\"container\" data-settings=\"{&quot;background_background&quot;:&quot;classic&quot;}\">\n\t\t\t\t\t<div class=\"e-con-inner\">\n\t\t<div class=\"elementor-element elementor-element-3b1147d e-flex e-con-boxed e-con e-child\" data-id=\"3b1147d\" data-element_type=\"container\" data-e-type=\"container\">\n\t\t\t\t\t<div class=\"e-con-inner\">\n\t\t\t\t<div data-ep-wrapper-link=\"{&quot;url&quot;:&quot;https:\\\/\\\/dpip.sanluis.gov.ar\\\/rentas_sanluis\\\/Normativas\\\/Leyes\\\/2024\\\/LEY%20VIII-0254-2024.pdf?_t=1733165055&quot;,&quot;is_external&quot;:&quot;on&quot;,&quot;nofollow&quot;:&quot;&quot;,&quot;custom_attributes&quot;:&quot;&quot;}\" style=\"cursor: pointer\" class=\"bdt-element-link elementor-element elementor-element-1fa26f77 elementor-widget elementor-widget-text-editor\" data-id=\"1fa26f77\" data-element_type=\"widget\" data-e-type=\"widget\" data-widget_type=\"text-editor.default\">\n\t\t\t\t<div class=\"elementor-widget-container\">\n\t\t\t\t\t\t\t\t\t<h3 class=\"ac-subtitle action_box-subtitle\"><span style=\"color: #4aacc4;\">Ley Impositiva Anual Vigente<\/span><\/h3>\t\t\t\t\t\t\t\t<\/div>\n\t\t\t\t<\/div>\n\t\t\t\t\t<\/div>\n\t\t\t\t<\/div>\n\t\t\t\t\t<\/div>\n\t\t\t\t<\/div>\n\t\t\t\t\t<\/div>\n\t\t\t\t<\/div>\n\t\t<div class=\"elementor-element elementor-element-1e702d7 e-flex e-con-boxed e-con e-parent\" data-id=\"1e702d7\" data-element_type=\"container\" data-e-type=\"container\">\n\t\t\t\t\t<div class=\"e-con-inner\">\n\t\t\t\t<div class=\"elementor-element elementor-element-d0fbce3 elementor-widget elementor-widget-text-editor\" data-id=\"d0fbce3\" data-element_type=\"widget\" data-e-type=\"widget\" data-widget_type=\"text-editor.default\">\n\t\t\t\t<div class=\"elementor-widget-container\">\n\t\t\t\t\t\t\t\t\t<p style=\"text-align: center;\">Para consultar y emitir su boleta de pago haga clic en el bot\u00f3n <b>&#8220;Consultar boleta&#8221;. <\/b><br \/>Para generar un Volante de Pago Electr\u00f3nico (VEP) o conocer su estado de deuda debe ingresar con <b>&#8220;Clave Fiscal&#8221;<\/b><\/p>\t\t\t\t\t\t\t\t<\/div>\n\t\t\t\t<\/div>\n\t\t\t\t<div class=\"elementor-element elementor-element-15e1ba7 elementor-align-center elementor-widget elementor-widget-button\" data-id=\"15e1ba7\" data-element_type=\"widget\" data-e-type=\"widget\" data-widget_type=\"button.default\">\n\t\t\t\t<div class=\"elementor-widget-container\">\n\t\t\t\t\t\t\t\t\t<div class=\"elementor-button-wrapper\">\n\t\t\t\t\t<a class=\"elementor-button elementor-button-link elementor-size-sm\" href=\"https:\/\/sistematributario.dpip.sanluis.gov.ar\/ords\/f?p=CLFPUB:30:0::NO:30,31:P30_OIM_CLAVE,P30_TIPO_IMPONIBLE,P30_TRI_CODIGO:,0001,0003\" target=\"_blank\">\n\t\t\t\t\t\t<span class=\"elementor-button-content-wrapper\">\n\t\t\t\t\t\t\t\t\t<span class=\"elementor-button-text\">Consultar boleta<\/span>\n\t\t\t\t\t<\/span>\n\t\t\t\t\t<\/a>\n\t\t\t\t<\/div>\n\t\t\t\t\t\t\t\t<\/div>\n\t\t\t\t<\/div>\n\t\t<div class=\"elementor-element elementor-element-db7d6c4 e-con-full e-flex e-con e-child\" data-id=\"db7d6c4\" data-element_type=\"container\" data-e-type=\"container\">\n\t\t\t\t<div class=\"elementor-element elementor-element-7a4112b6 elementor-widget elementor-widget-text-editor\" data-id=\"7a4112b6\" data-element_type=\"widget\" data-e-type=\"widget\" data-widget_type=\"text-editor.default\">\n\t\t\t\t<div class=\"elementor-widget-container\">\n\t\t\t\t\t\t\t\t\t<div class=\"zn_text_box eluidec935e2d zn_text_box-light element-scheme--light\"><h5 style=\"text-align: center;\">Consulte su Boleta desde aqu\u00ed. Para ver la informaci\u00f3n deber\u00e1 proporcionar su N\u00b0 de Padr\u00f3n Inmobiliario<\/h5><h6>\u00a0<\/h6><p>Para generar un VEP hac\u00e9 click en\u00a0 <img decoding=\"async\" class=\"alignnone  wp-image-17705\" src=\"https:\/\/dpip.sanluis.gov.ar\/rentas_sanluis\/wp-content\/uploads\/2025\/02\/big-pmcbanelcog.png\" alt=\"\" width=\"48\" height=\"32\" \/>\u00a0o <a href=\"https:\/\/dpip.sanluis.gov.ar\/rentas_sanluis\/wp-content\/uploads\/2025\/02\/Red_link_logo.svg\"><img decoding=\"async\" class=\"alignnone wp-image-17240 \" src=\"https:\/\/dpip.sanluis.gov.ar\/rentas_sanluis\/wp-content\/uploads\/2025\/02\/Red_link_logo.svg\" alt=\"\" width=\"37\" height=\"32\" \/><\/a>, segu\u0301n el homebanking de tu preferencia<\/p><p><img loading=\"lazy\" decoding=\"async\" class=\"alignnone wp-image-17691\" src=\"https:\/\/dpip.sanluis.gov.ar\/rentas_sanluis\/wp-content\/uploads\/2025\/02\/PDF_file_icon.svg-244x300.png\" alt=\"\" width=\"36\" height=\"34\" \/>\u00a0Haciendo clic en esta imagen, solo descarga la boleta, para pagarla en algunos de los medios de pago f\u00edsicos habilitados.<\/p><\/div>\t\t\t\t\t\t\t\t<\/div>\n\t\t\t\t<\/div>\n\t\t\t\t<\/div>\n\t\t<div class=\"elementor-element elementor-element-286fbfe e-con-full e-grid e-con e-child\" data-id=\"286fbfe\" data-element_type=\"container\" data-e-type=\"container\">\n\t\t\t\t<div class=\"elementor-element elementor-element-d650b3c elementor-align-center elementor-widget elementor-widget-button\" data-id=\"d650b3c\" data-element_type=\"widget\" data-e-type=\"widget\" data-widget_type=\"button.default\">\n\t\t\t\t<div class=\"elementor-widget-container\">\n\t\t\t\t\t\t\t\t\t<div class=\"elementor-button-wrapper\">\n\t\t\t\t\t<a class=\"elementor-button elementor-button-link elementor-size-sm\" href=\"https:\/\/sistematributario.dpip.sanluis.gov.ar\/\">\n\t\t\t\t\t\t<span class=\"elementor-button-content-wrapper\">\n\t\t\t\t\t\t\t\t\t<span class=\"elementor-button-text\">Ingresar con Clave Fiscal<\/span>\n\t\t\t\t\t<\/span>\n\t\t\t\t\t<\/a>\n\t\t\t\t<\/div>\n\t\t\t\t\t\t\t\t<\/div>\n\t\t\t\t<\/div>\n\t\t\t\t<div class=\"elementor-element elementor-element-37d78e4c elementor-align-center elementor-widget elementor-widget-button\" data-id=\"37d78e4c\" data-element_type=\"widget\" data-e-type=\"widget\" data-widget_type=\"button.default\">\n\t\t\t\t<div class=\"elementor-widget-container\">\n\t\t\t\t\t\t\t\t\t<div class=\"elementor-button-wrapper\">\n\t\t\t\t\t<a class=\"elementor-button elementor-button-link elementor-size-sm\" href=\"https:\/\/dpip.sanluis.gov.ar\/rentas_sanluis\/?p=11301\" target=\"_blank\">\n\t\t\t\t\t\t<span class=\"elementor-button-content-wrapper\">\n\t\t\t\t\t\t\t\t\t<span class=\"elementor-button-text\">C\u00f3mo obtener tu  Clave Fiscal<\/span>\n\t\t\t\t\t<\/span>\n\t\t\t\t\t<\/a>\n\t\t\t\t<\/div>\n\t\t\t\t\t\t\t\t<\/div>\n\t\t\t\t<\/div>\n\t\t\t\t<div class=\"elementor-element elementor-element-826a105 elementor-align-center elementor-widget elementor-widget-button\" data-id=\"826a105\" data-element_type=\"widget\" data-e-type=\"widget\" data-widget_type=\"button.default\">\n\t\t\t\t<div class=\"elementor-widget-container\">\n\t\t\t\t\t\t\t\t\t<div class=\"elementor-button-wrapper\">\n\t\t\t\t\t<a class=\"elementor-button elementor-button-link elementor-size-sm\" href=\"https:\/\/dpip.sanluis.gov.ar\/rentas_sanluis\/?p=11270\" target=\"_blank\">\n\t\t\t\t\t\t<span class=\"elementor-button-content-wrapper\">\n\t\t\t\t\t\t\t\t\t<span class=\"elementor-button-text\">Ver instructivo<\/span>\n\t\t\t\t\t<\/span>\n\t\t\t\t\t<\/a>\n\t\t\t\t<\/div>\n\t\t\t\t\t\t\t\t<\/div>\n\t\t\t\t<\/div>\n\t\t\t\t<\/div>\n\t\t\t\t<div class=\"elementor-element elementor-element-a29f9e1 elementor-widget elementor-widget-text-editor\" data-id=\"a29f9e1\" data-element_type=\"widget\" data-e-type=\"widget\" data-widget_type=\"text-editor.default\">\n\t\t\t\t<div class=\"elementor-widget-container\">\n\t\t\t\t\t\t\t\t\t<div class=\"zn_text_box eluid26633140 zn_text_box-light element-scheme--light\"><h4>\u00a0<\/h4><h4 class=\"services_box__title element-scheme__hdg1 \"><strong><span style=\"color: #354393;\">NOVEDADES<\/span><\/strong><\/h4><div class=\"services_box__desc\"><p>Les recordamos a los contribuyentes que est\u00e1 vigente el descuento del 30% por pago contado del Impuesto m\u00e1s el porcentaje indicado por ley por premio al buen contribuyente de corresponder.<\/p><p><b>Ley impositiva anual para el ejercicio fiscal 2024 <br \/>Impuesto M\u00ednimo Anual<\/b> <br \/>1. Para Inmuebles Urbanos, el impuesto no podr\u00e1 ser inferior a PESOS SIETE MIL CIENTO VEINTIOCHO CON 00\/100 ($ 7.128,00).<br \/>2. Para Inmuebles Sub Urbanos, el impuesto no podr\u00e1 ser inferior a PESOS CINCO MIL SEISCIENTOS CON 00\/100 ($ 5.600,00).<br \/>3. Para Inmuebles Rurales, el impuesto no podr\u00e1 ser inferior a PESOS DOCE MIL OCHOCIENTOS TREINTA CON 00\/100 ($ 12.830,00).-<\/p><p><b>CERTIFICADO DE LIBRE DEUDA DEL IMPUESTO<\/b> <br \/>Le informamos que tanto los escribanos como los agrimensores pueden obtener el certificado de libre deuda del Impuesto Inmobiliario on line por clave fiscal, sin pago de tasa administrativa.<\/p><p><b>Vencimientos <\/b><\/p><p>\u00a0<\/p><\/div><\/div>\t\t\t\t\t\t\t\t<\/div>\n\t\t\t\t<\/div>\n\t\t\t\t<div class=\"elementor-element elementor-element-dbd4ddb elementor-widget elementor-widget-image\" data-id=\"dbd4ddb\" data-element_type=\"widget\" data-e-type=\"widget\" data-widget_type=\"image.default\">\n\t\t\t\t<div class=\"elementor-widget-container\">\n\t\t\t\t\t\t\t\t\t\t\t\t\t\t\t<img loading=\"lazy\" decoding=\"async\" width=\"390\" height=\"426\" src=\"https:\/\/dpip.sanluis.gov.ar\/rentas_sanluis\/wp-content\/uploads\/2025\/02\/Inmobiliario-Automotor-2.png\" class=\"attachment-large size-large wp-image-17296\" alt=\"\" srcset=\"https:\/\/dpip.sanluis.gov.ar\/rentas_sanluis\/wp-content\/uploads\/2025\/02\/Inmobiliario-Automotor-2.png 390w, https:\/\/dpip.sanluis.gov.ar\/rentas_sanluis\/wp-content\/uploads\/2025\/02\/Inmobiliario-Automotor-2-275x300.png 275w\" sizes=\"(max-width: 390px) 100vw, 390px\" \/>\t\t\t\t\t\t\t\t\t\t\t\t\t\t\t<\/div>\n\t\t\t\t<\/div>\n\t\t\t\t<div class=\"elementor-element elementor-element-538be43 elementor-align-center elementor-widget elementor-widget-button\" data-id=\"538be43\" data-element_type=\"widget\" data-e-type=\"widget\" data-widget_type=\"button.default\">\n\t\t\t\t<div class=\"elementor-widget-container\">\n\t\t\t\t\t\t\t\t\t<div class=\"elementor-button-wrapper\">\n\t\t\t\t\t<a class=\"elementor-button elementor-button-link elementor-size-sm\" href=\"https:\/\/dpip.sanluis.gov.ar\/resoluciones\/2020\/RG%20N%C2%B005-DPIP-2020.pdf\">\n\t\t\t\t\t\t<span class=\"elementor-button-content-wrapper\">\n\t\t\t\t\t\t\t\t\t<span class=\"elementor-button-text\">RG N\u00b005-DPIP-2020<\/span>\n\t\t\t\t\t<\/span>\n\t\t\t\t\t<\/a>\n\t\t\t\t<\/div>\n\t\t\t\t\t\t\t\t<\/div>\n\t\t\t\t<\/div>\n\t\t\t\t<div class=\"elementor-element elementor-element-242a794 elementor-widget elementor-widget-text-editor\" data-id=\"242a794\" data-element_type=\"widget\" data-e-type=\"widget\" data-widget_type=\"text-editor.default\">\n\t\t\t\t<div class=\"elementor-widget-container\">\n\t\t\t\t\t\t\t\t\t<div class=\"services_box eluid85659a08 servicebox-sch--light element-scheme--light services_box--modern sb--hasicon\"><div class=\"services_box__inner clearfix\"><div class=\"services_box__content\"><h4 class=\"services_box__title element-scheme__hdg1 \"><span style=\"color: #354393;\"><strong>IMPUESTO INMOBILIARIO<\/strong><\/span><\/h4><div class=\"services_box__desc\"><p>Tienen que pagar este impuesto todos los propietarios usufructuarios o poseedores a titulo de due\u00f1os de cualquier bien inmueble o propiedad (casa, terreno, departamento, cochera, campo, etc.). <br \/>Para determinar el monto del impuesto se tiene en cuenta la valuaci\u00f3n fiscal que realiza la Direcci\u00f3n Provincial de Catastro, tanto del terreno como de la edificaci\u00f3n si hubiera, siendo obligaci\u00f3n del propietario, declarar en la misma las construcciones o mejoras que incorpora a su propiedad, en el caso de los inmuebles urbanos. <br \/>El impuesto es anual, pudiendo pagarse de contado o en 10 cuotas iguales con vencimiento en los meses de marzo a diciembre. <br \/>Para transmitir o vender la propiedad, no debe existir deuda; el nuevo titular es informado por el Registro de la Propiedad Inmueble y la Direcci\u00f3n Provincial de Catastro.<\/p><\/div><div class=\"services_box__list-wrapper\">\u00a0<\/div><\/div><\/div><\/div><div class=\"services_box eluid055242bf servicebox-sch--light element-scheme--light services_box--modern sb--hasicon\"><div class=\"services_box__inner clearfix\"><div class=\"services_box__icon\"><div class=\"services_box__icon-inner\">\u00a0<\/div><\/div><div class=\"services_box__content\"><h4 class=\"services_box__title element-scheme__hdg1 \"><strong><span style=\"color: #354393;\">REQUISITOS PARA TR\u00c1MITES<\/span><\/strong><\/h4><div class=\"services_box__desc\"><p><b>Certificado de libre deuda en el Impuesto Inmobiliario:<\/b><\/p><ul><li>N\u00b0 de padr\u00f3n (Receptor\u00eda &#8211; Padr\u00f3n)<\/li><li>No poseer deuda alguna en el impuesto inmobiliario, por el padr\u00f3n por el que se solicita, de existir planes deben estar cancelados<\/li><li>Tasa Administrativa seg\u00fan Ley Impositiva Anual Vigente &#8211; sin previo tr\u00e1mite, se solicita directamente en los medios de pago habilitados para el cobro de Impuestos Provinciales<\/li><li>Se deber\u00e1 completar el tr\u00e1mite con la tasa emitida, en el departamento Inmobiliario<\/li><\/ul><p><b>Planes de Facilidades de Pago <\/b> <br \/>En todos los casos se debe acreditar la titularidad o posesi\u00f3n del bien.<\/p><ul><li style=\"list-style-type: none;\"><ul><li>En caso de que el imponible no estuviera a su nombre debe presentar documentaci\u00f3n que lo habilite a realizar el tr\u00e1mite, a saber :<\/li><li>Boleto de compra venta<\/li><li>Poder del titular<\/li><li>Escritura<\/li><\/ul><\/li><\/ul><ul><li style=\"list-style-type: none;\"><ul>En los siguientes casos el plan de pagos se realizar\u00e1 por d\u00e9bito autom\u00e1tico, debiendo el contribuyente traer CBU de cualquier banco del pa\u00eds.<\/ul><\/li><\/ul><ul><li style=\"list-style-type: none;\"><ul><li style=\"list-style-type: none;\"><ul><li>Si la deuda es del impuesto a los ingresos brutos<\/li><li>Si la deuda sobrepasa los $3.000<\/li><li>Si el titular del plan es una persona jur\u00eddica<\/li><\/ul><\/li><\/ul><\/li><\/ul><p><b> Constancia de plan de pago al d\u00eda:<\/b><\/p><ul><li style=\"list-style-type: none;\"><ul><li>Tener al d\u00eda el plan de pago y los pagos corrientes del o los imponibles incluidos en el plan<\/li><li>Tasa Administrativa seg\u00fan Ley Impositiva Anual Vigente &#8211; sin previo tr\u00e1mite, se solicita directamente en los medios de pago habilitados para el cobro de Impuestos Provinciales<\/li><\/ul><\/li><\/ul><\/div><\/div><\/div><\/div>\t\t\t\t\t\t\t\t<\/div>\n\t\t\t\t<\/div>\n\t\t\t\t\t<\/div>\n\t\t\t\t<\/div>\n\t\t<div class=\"elementor-element elementor-element-24ea90ce e-con-full e-flex e-con e-child\" data-id=\"24ea90ce\" data-element_type=\"container\" data-e-type=\"container\">\n\t\t\t\t<\/div>\n\t\t\t\t<\/div>\n\t\t","protected":false},"excerpt":{"rendered":"<p>Ley Impositiva Anual Vigente Para consultar y emitir su boleta de pago haga clic en el bot\u00f3n &#8220;Consultar boleta&#8221;. Para generar un Volante de Pago Electr\u00f3nico (VEP) o conocer su estado de deuda debe ingresar con &#8220;Clave Fiscal&#8221; Consultar boleta Consulte su Boleta desde aqu\u00ed. Para ver la informaci\u00f3n deber\u00e1 proporcionar su N\u00b0 de Padr\u00f3n [&hellip;]<\/p>\n","protected":false},"author":3,"featured_media":0,"parent":0,"menu_order":0,"comment_status":"closed","ping_status":"closed","template":"","meta":{"site-sidebar-layout":"no-sidebar","site-content-layout":"page-builder","ast-site-content-layout":"full-width-container","site-content-style":"default","site-sidebar-style":"default","ast-global-header-display":"","ast-banner-title-visibility":"","ast-main-header-display":"","ast-hfb-above-header-display":"","ast-hfb-below-header-display":"","ast-hfb-mobile-header-display":"","site-post-title":"disabled","ast-breadcrumbs-content":"","ast-featured-img":"disabled","footer-sml-layout":"","theme-transparent-header-meta":"","adv-header-id-meta":"","stick-header-meta":"","header-above-stick-meta":"","header-main-stick-meta":"","header-below-stick-meta":"","astra-migrate-meta-layouts":"set","ast-page-background-enabled":"default","ast-page-background-meta":{"desktop":{"background-color":"var(--ast-global-color-4)","background-image":"","background-repeat":"repeat","background-position":"center center","background-size":"auto","background-attachment":"scroll","background-type":"","background-media":"","overlay-type":"","overlay-color":"","overlay-opacity":"","overlay-gradient":""},"tablet":{"background-color":"","background-image":"","background-repeat":"repeat","background-position":"center center","background-size":"auto","background-attachment":"scroll","background-type":"","background-media":"","overlay-type":"","overlay-color":"","overlay-opacity":"","overlay-gradient":""},"mobile":{"background-color":"","background-image":"","background-repeat":"repeat","background-position":"center center","background-size":"auto","background-attachment":"scroll","background-type":"","background-media":"","overlay-type":"","overlay-color":"","overlay-opacity":"","overlay-gradient":""}},"ast-content-background-meta":{"desktop":{"background-color":"var(--ast-global-color-5)","background-image":"","background-repeat":"repeat","background-position":"center center","background-size":"auto","background-attachment":"scroll","background-type":"","background-media":"","overlay-type":"","overlay-color":"","overlay-opacity":"","overlay-gradient":""},"tablet":{"background-color":"var(--ast-global-color-5)","background-image":"","background-repeat":"repeat","background-position":"center center","background-size":"auto","background-attachment":"scroll","background-type":"","background-media":"","overlay-type":"","overlay-color":"","overlay-opacity":"","overlay-gradient":""},"mobile":{"background-color":"var(--ast-global-color-5)","background-image":"","background-repeat":"repeat","background-position":"center center","background-size":"auto","background-attachment":"scroll","background-type":"","background-media":"","overlay-type":"","overlay-color":"","overlay-opacity":"","overlay-gradient":""}},"footnotes":""},"class_list":["post-11994","page","type-page","status-publish","hentry"],"_links":{"self":[{"href":"https:\/\/dpip.sanluis.gov.ar\/rentas_sanluis\/index.php?rest_route=\/wp\/v2\/pages\/11994","targetHints":{"allow":["GET"]}}],"collection":[{"href":"https:\/\/dpip.sanluis.gov.ar\/rentas_sanluis\/index.php?rest_route=\/wp\/v2\/pages"}],"about":[{"href":"https:\/\/dpip.sanluis.gov.ar\/rentas_sanluis\/index.php?rest_route=\/wp\/v2\/types\/page"}],"author":[{"embeddable":true,"href":"https:\/\/dpip.sanluis.gov.ar\/rentas_sanluis\/index.php?rest_route=\/wp\/v2\/users\/3"}],"replies":[{"embeddable":true,"href":"https:\/\/dpip.sanluis.gov.ar\/rentas_sanluis\/index.php?rest_route=%2Fwp%2Fv2%2Fcomments&post=11994"}],"version-history":[{"count":86,"href":"https:\/\/dpip.sanluis.gov.ar\/rentas_sanluis\/index.php?rest_route=\/wp\/v2\/pages\/11994\/revisions"}],"predecessor-version":[{"id":17708,"href":"https:\/\/dpip.sanluis.gov.ar\/rentas_sanluis\/index.php?rest_route=\/wp\/v2\/pages\/11994\/revisions\/17708"}],"wp:attachment":[{"href":"https:\/\/dpip.sanluis.gov.ar\/rentas_sanluis\/index.php?rest_route=%2Fwp%2Fv2%2Fmedia&parent=11994"}],"curies":[{"name":"wp","href":"https:\/\/api.w.org\/{rel}","templated":true}]}}